-w + 2619 = -3*h, 3*w = 6*w + 5*h - 7857. What are the prime factors of w?
3, 97
Suppose 3*v - 13 = 11. Suppose 2*m = -2 + v. What are the prime factors of m - -2*26/4?
2
Let v = -91 - -102. Let z = -18 - -11. Let q = v + z. List the prime factors of q.
2
Let r(c) = -2*c**2 + 3*c + 29. Let u be r(7). Let i = 100 + u. List the prime factors of i.
2, 13
Suppose 0*l + 12 = -2*r + 5*l, -r - 4*l + 7 = 0. What are the prime factors of (-3)/r + (-1215)/(-15)?
2, 3, 7
Suppose 6*g = -6 + 30. Suppose 0*w - 76 = -w + 3*y, -y - g = 0. What are the prime factors of w?
2
Let m = -35 - -34. List the prime factors of (56 - 3) + (m - -3).
5, 11
Suppose 72*d - 3678 = 69*d. What are the prime factors of d?
2, 613
Let n = -476 - -228. Let q = -165 - n. What are the prime factors of q?
83
Suppose 3*h - g + 17 = 0, 3*h = -0*g + 2*g - 16. List the prime factors of (4/h)/(28/(-2730)).
5, 13
Suppose 2*h = 6 - 12. Let g be (-1 - -18)*(-5 + 6). Let s = h + g. List the prime factors of s.
2, 7
Let h = 671 - 308. List the prime factors of h.
3, 11
Let n(r) = 14*r + 13. What are the prime factors of n(4)?
3, 23
Let q(d) = -d**3 + 3*d**2 - 2*d. Let x be q(2). Let g(l) = x*l - l**2 - 3*l + 10*l + 7 + 3. List the prime factors of g(7).
2, 5
Suppose -s = 3*m - 108, -4*s + m + 3*m + 480 = 0. Let b = s - 64. What are the prime factors of b?
53
Let q(t) = t**2 - 5*t - 4. Let l be q(5). Let w(j) = -10*j + 5. List the prime factors of w(l).
3, 5
Suppose 0 = 4*d - 5*h - 14 - 6, 5*h = 0. Suppose -5*a + v + 11 = 0, 4 = -4*a + d*v - v. Let x(z) = z**3 - 2*z**2 - 2*z + 3. What are the prime factors of x(a)?
2, 3
Suppose -136 = -5*z - 12*z. List the prime factors of z.
2
Suppose -v + 429 = 74. List the prime factors of v.
5, 71
Let u(p) be the second derivative of 3*p**5/2 - p**3/6 + p**2/2 - 3*p. List the prime factors of u(1).
2, 3, 5
Suppose -351 = 16*u - 17*u. List the prime factors of u.
3, 13
Let g be (-27)/(14/4 - 2). Let x be g/(-3) - (0 - -1). Suppose -2*h + r + 27 = 2, 0 = -h + 4*r - x. List the prime factors of h.
3, 5
Let j be (-8)/14 - (9 - 201/21). Suppose -o - 2 = j, -5*o - 415 = -5*y + 905. List the prime factors of y.
2, 131
Let s be (-17)/(-4) - (-2)/(-8). Suppose 2*d + 88 = s*d. Suppose 114 = 2*z + d. List the prime factors of z.
5, 7
Let w(a) = -3*a + 8. Let b be w(8). Let r = b - -16. Suppose 0 = -p + 5*p + 4*z - 40, r = 2*p - 2*z - 24. List the prime factors of p.
11
Suppose 309 + 187 = 4*b. Suppose -14*m + 12*m = -b. What are the prime factors of m?
2, 31
What are the prime factors of 2930 + (0 - (-88)/(-11))?
2, 3, 487
Let r(y) = -3*y - 2 - 2 + 18*y**2 - 2. What are the prime factors of r(3)?
3, 7
Let n be (-2)/(-4)*2 + -4. Let t(c) = -9*c - 5 + 1 + 2*c. What are the prime factors of t(n)?
17
Suppose -25060 = 18*l - 85072. List the prime factors of l.
2, 1667
Let w = 52 - 50. Suppose w*k = 6*k - 36. List the prime factors of k.
3
Let a(x) = -x**3 + 12*x**2 - 10*x - 8. Let h be a(11). Suppose 3*m + 24 = y, y - 6*y = h*m - 138. Suppose 2*u - y = 113. What are the prime factors of u?
2, 5, 7
Let s = -99 + 93. Let h(f) = -2*f**3 - 8*f**2 + 6*f + 9. List the prime factors of h(s).
3, 13
Let w = -3625 - -6715. List the prime factors of w.
2, 3, 5, 103
List the prime factors of ((-118)/12*2)/(67/(-6030)).
2, 3, 5, 59
Let d = 1965 - 228. List the prime factors of d.
3, 193
Suppose 0 = -12*i + 19*i - 3570. List the prime factors of i.
2, 3, 5, 17
Suppose 2*r = 7 + 25. Suppose r = q - 5*q. Let l(i) = 5*i**2 + 4*i - 4. What are the prime factors of l(q)?
2, 3, 5
Suppose -x + 1315 = -461. Let w be (6/4)/((-4)/x). List the prime factors of w/(-33) + (-4)/22.
2, 5
Suppose 4*r - 6204 = 3*i, -3*r + 4653 = -108*i + 105*i. List the prime factors of r.
3, 11, 47
Suppose 22*s - 3677 = 1515. What are the prime factors of s?
2, 59
Let c be (((-1)/(-2))/(-1))/((-2)/(-456)). Let y = 171 + c. List the prime factors of y.
3, 19
Let r(d) = 14*d + 16. Let l be -2 - 4/(-4)*8. What are the prime factors of r(l)?
2, 5
Let t = -4 + 4. Suppose t = 4*m - 9*m + 55. List the prime factors of m.
11
Let r = 71 + 59. Let s = r - 66. What are the prime factors of s?
2
Suppose 0 = 4*h - 2*h - 26. Let v = -26 + h. Let p = v - -27. List the prime factors of p.
2, 7
Let v(l) = -1. Let u = 2 + -3. Let z(x) = x - 20. Let g(p) = u*z(p) - 3*v(p). List the prime factors of g(0).
23
List the prime factors of (-1090)/(-12) - (-7)/(-252)*-6.
7, 13
Let j(y) = -85*y + 96. What are the prime factors of j(-27)?
3, 797
Suppose -3*j + 1 = -8. Suppose 2*t = -4*d + 28, j*d + 6 = 5*d. Suppose 4*x = 5*x - t. List the prime factors of x.
2
Let g be (-70)/(-12) + -1 + (-49)/(-42). Let x = 15 - -5. List the prime factors of (405/x)/(g/16).
2, 3
Suppose 2*p + p = -j + 336, 0 = -5*j + 4*p + 1718. What are the prime factors of j?
2, 3, 19
Let o be 1*(-4*(-1 + 2) + 179). Let g = o - -105. List the prime factors of g.
2, 5, 7
Let h be 2*((-78)/(-28) - 16/56). Suppose 0*r + 1305 = h*r. What are the prime factors of r?
3, 29
Let t(i) = -i**2 - 11*i + 2. Let u be t(-6). Let w = u - 9. List the prime factors of w.
23
Let a(h) = -h**2 - 25*h - 30. Suppose -14*c = -16*c - 36. What are the prime factors of a(c)?
2, 3
Let p(k) = 11*k - 4 + 2*k - 9 + 12*k. List the prime factors of p(4).
3, 29
Suppose 3 = 4*t - 9, -2*t = 4*g - 10. Let s be -5*(75 + g)/(-4). Let w = s + -64. List the prime factors of w.
31
Let s(w) = 4*w**2 - 9*w - 178. List the prime factors of s(32).
2, 3, 5, 11
What are the prime factors of -1*8/(-52) + 25160/52?
2, 11
Suppose 4*c - 4*k - 21804 = 0, -c - 1179 = -2*k - 6626. List the prime factors of c.
5, 1091
Let m(j) = j + 1. Let u be m(3). Suppose -18 - 22 = u*i. List the prime factors of ((-5)/i)/((-1)/(-44)).
2, 11
Let n(h) = 71*h**2 - 29*h - 230. List the prime factors of n(-6).
2, 5
Suppose u = -3*k + 351, -3*u + 2*k + 150 = -958. What are the prime factors of u/12 - 2/(-4)?
31
Suppose 0 = d + 2*t - 1179, d + t = -39 + 1215. What are the prime factors of d?
3, 17, 23
Suppose i + 12 = 3*n, -6 = 3*i + i + 2*n. Let v be 83/i - 3/9. Let s = v + 50. What are the prime factors of s?
2, 11
Suppose -3*j - 4*j = -168. Suppose -4*z + j + 12 = 0. List the prime factors of z.
3
Let w be (-1*(65 - 4))/1. Let p = w - 196. What are the prime factors of (-6)/15 + p/(-5)?
3, 17
Let k(v) = v**3 + 19*v**2 - 18*v - 47. List the prime factors of k(-19).
5, 59
Let a = -1458 + 2711. List the prime factors of a.
7, 179
Suppose 3*b = 119 + 10. Let t be 1 - b/2*2. What are the prime factors of t/(-4)*(-12)/(-18)?
7
Let k(n) = 10*n**2 - 1 + 3*n + 0*n + 3*n - n. What are the prime factors of k(2)?
7
Let r = -677 + 1757. List the prime factors of r.
2, 3, 5
Suppose -u = -2*u + 14. Let b = -2 - -4. Suppose -42 = -b*a + u. What are the prime factors of a?
2, 7
List the prime factors of 0 - (-4)/(-18) - (-1400890)/1395.
2, 251
Let m(l) be the first derivative of -5*l**4/24 + 2*l**3/3 - l**2 + 3. Let w(g) be the second derivative of m(g). List the prime factors of w(-3).
19
List the prime factors of ((-1161)/(-99) + -12)*-9977.
3, 907
Let y = 18 + -18. Suppose -3*g + 30 = 4*t, 0*t - 3*t = y. What are the prime factors of (g/(-7))/(1/(-7))?
2, 5
Suppose 6*i - 152 = 226. What are the prime factors of i?
3, 7
Suppose 2*j = -5*s + 2*s + 19, 2*s = -j + 12. Suppose -p = j*p + 5*w - 365, -385 = -3*p - w. List the prime factors of p.
2, 5, 13
Let u = -27 + 29. Suppose -3*m + 21 = -u*m. List the prime factors of m.
3, 7
Let c = 317 - 12. List the prime factors of c.
5, 61
Let d(f) = f**3 - 3*f**2 - 6*f + 3. Let w be d(3). Let t(q) be the third derivative of -q**5/60 - 3*q**4/4 - q**3/3 - q**2. What are the prime factors of t(w)?
43
Let c be 43/2 - (-1)/2. Let l be -1*(-3 + (-12)/(-1)). Let a = l + c. What are the prime factors of a?
13
Let c = -25 - -31. Let f(r) = -r**2 + 4*r + 14. Let w be f(c). Suppose w*u + 2*u = 32. What are the prime factors of u?
2
What are the prime factors of 396495/135 + 0 + 10?
7, 421
Suppose -23 = -5*l - 3. Let j(a) = -a + a - 2 + l - a**2 - 15*a. What are the prime factors of j(-12)?
2, 19
Let x(a) = -a + 17. Let v be x(12). Suppose -4*s - 28 = -v*s - 3*c, -3*s = 3*c - 90. List the prime factors of s.
31
Let v be 3/(5 + -4) + -3. Suppose 5*w + 10 = v, 10 = 2*u - w - 108. List the prime factors of u.
2, 29
What are the prim